 by (-4635)/1944*-8 + (-6)/81?
9
Suppose -5*t = -3*k + k + 87, 5*k - 171 = -3*t. Let c(r) = -33 - r**2 - 28*r + k*r - 31*r. What is the remainder when 107 is divided by c(-21)?
8
Let o(z) = z**2 - 9*z - 143. What is the remainder when o(18) is divided by (60 - 46) + 1/(-1)?
6
Suppose -141*a + 2552 = -2383. Suppose -2*y = 2*g - 20, -3*g + 3*y + 35 = -g. Calculate the remainder when a is divided by g.
9
Let v = 3628 - 3616. Calculate the remainder when 687 is divided by v.
3
Suppose -76*t = -139*t + 4599. Calculate the remainder when 6859 is divided by t.
70
Let w be 4 + (20 + -1 - 1). Suppose 5*b = -43 - w. What is the remainder when (b - -10)/((-6)/32) is divided by 6?
4
Let h(u) = -u**3 + 27*u**2 - 2*u - 103. Calculate the remainder when h(25) is divided by 55.
52
Calculate the remainder when 25/35 + -1 + (-520)/(-7) is divided by 45.
29
Suppose -4*y - 37 = -u - y, 0 = -4*y - 20. What is the remainder when 33 is divided by u?
11
Suppose -85*r + 37*r = -43*r - 11875. Calculate the remainder when r is divided by 2364.
11
Let h(i) = -6*i**2 - i - 2. Let r be h(-1). Let d(b) = b**3 + 7*b**2 - 3*b + 10. Let o = 286 - 163. Calculate the remainder when o is divided by d(r).
30
Let g(k) = -2*k**2 + 37*k + 185. What is the remainder when 1299 is divided by g(-4)?
4
Calculate the remainder when (338 - 10) + -3 + -17 is divided by 69.
32
Let r(s) = 78*s + 9898. What is the remainder when 316 is divided by r(-126)?
36
Suppose 0 = -1126*q + 1128*q + 3*c - 134, 0 = -2*q + 3*c + 86. What is the remainder when 652 is divided by q?
47
Suppose 226*l + 3740 - 55946 = 0. What is the remainder when l is divided by 227?
4
Let v(r) = r**3 - r**2 + 2*r - 14. Let n be v(3). Suppose 0 = -4*p + 6*p - 4. Let c = n + p. What is the remainder when 18 is divided by c?
6
Let l(s) = -s**3 - 5*s**2 - 5*s - 13. Suppose 2*g + q = 317, -5*g + q + 789 = -0*g. What is the remainder when g is divided by l(-6)?
52
Let y(r) = r**2 - 15*r + 63. Let t = -11 - -48. Calculate the remainder when t is divided by y(10).
11
Suppose -60 = -91*b + 71*b. Suppose 80 = 4*r - b*s, 35*r = 30*r + 2*s + 93. What is the remainder when 168 is divided by r?
15
Let b(a) = -a**3 + 8*a**2 - a + 1. Let y = -207 - -374. What is the remainder when y is divided by b(7)?
38
Suppose 2*f - 2*i = 72 + 8, 0 = -4*i. Let h be (129/86)/((-1)/24). Calculate the remainder when (f/h)/2*-12*3 is divided by 8.
4
Suppose 4*z = 2*t - 3*t + 64, -22 = -2*z + 2*t. What is the remainder when (3/(27/24))/(26/273) is divided by z?
13
Suppose -3*r - 2*d = -1547, -226*d - 1549 = -3*r - 227*d. What is the remainder when r is divided by (0 - (3 + 23))*-1?
23
Suppose 2*t + 124 = 160. Calculate the remainder when 129 is divided by 13/(468/8) - (-122)/t.
3
Let w be (41 - 37)*(0 - 1). What is the remainder when 39 is divided by ((-9)/18)/(215/54 + w)?
12
Suppose 4*s = -4*v - 0*v + 104, -v + s = -32. Suppose 12*b - 16*b - 5*a = -169, -21 = 3*a. What is the remainder when b is divided by v?
22
Let g be 16 + -9 + (1 - 6). Suppose -z = -5*x + x + 64, -g*z = 0. Calculate the remainder when x is divided by 4.
0
Let p = -1596 + 908. Let t = -609 - p. Calculate the remainder when 235 is divided by t.
77
Suppose p - 4*p + 36 = 0. Let n be (-2)/p + (-2 - 61/(-6)). Suppose -7*l - 42 = -n*l. Calculate the remainder when l is divided by 11.
9
Let a(g) = -g**2 + 54. Suppose -100 = 76*u - 80*u. Suppose 13*n + 84 = u*n. What is the remainder when a(0) is divided by n?
5
Suppose -20*p - 131238 = -144138. Suppose 3*i - 5 = 49. What is the remainder when p is divided by i?
15
Let s(v) = -2*v**3 - 2*v**2 + 3*v - 4. Suppose 0 = -9*y - 25 - 2. Suppose o - 272 = -3*o. Calculate the remainder when o is divided by s(y).
22
Suppose -23 - 25 = -3*m. Let d be 12/21 - ((-7505)/35 - 5). Suppose 3*i = -4*t + 186, -2*t + 28 = 4*i - d. Calculate the remainder when i is divided by m.
14
Let z(p) = 11*p**3 + 4*p + 3. Let d be z(2). Let k = d - 68. Calculate the remainder when 106 is divided by k.
13
Let j = 2630 + 887. What is the remainder when j is divided by 69?
67
Suppose 67*x - 60*x = 336. What is the remainder when 6046 is divided by x?
46
Let w be (8/3)/((-1)/(-48)). Let s = 7291 - 7261. Suppose 4*i + 3*o - 194 = 0, 2*i + o + s = w. Calculate the remainder when 94 is divided by i.
44
Suppose 24*k - 1360 = -28*k + 12*k. Calculate the remainder when 10266 is divided by k.
32
Let p(x) = -5 + 5*x + 0 - 9*x - 12*x. Suppose 5*z - 165 = -145. What is the remainder when p(-2) is divided by z?
3
Suppose -121*h = 13660 - 145550. What is the remainder when h is divided by 84?
82
Suppose 24*s - 2076 = 2916. Calculate the remainder when 680 is divided by s.
56
Calculate the remainder when 153 is divided by (5 + 96/(-18))*630/(49/(-7)).
3
Suppose -o = -0*o. Suppose o = -0*v + 5*v - 145. Calculate the remainder when 5 + (-1)/6*-474 is divided by v.
26
Suppose -4*k = -116*j + 113*j + 13393, 0 = j + 5*k - 4439. What is the remainder when j is divided by 62?
57
Suppose -7*c + 4954 = 5*c - 986. Calculate the remainder when c is divided by 203.
89
Suppose -14*w - 49 + 133 = 0. Suppose b + w*u - u - 60 = 0, 5*u + 10 = 0. Calculate the remainder when 839 is divided by b.
69
Let k(m) = 40*m**2 - m - 2. Let r(p) = -4*p**2 + 21*p + 17. Let d be r(6). Calculate the remainder when 71 is divided by k(d).
32
Suppose 24*k + h = 27*k - 1504, -20 = -4*h. Calculate the remainder when k is divided by 46.
43
Let s = 103 + -105. Let n be -3 + 1 - (-44 - s)/1. What is the remainder when 174 is divided by (n + -5)/((-4)/(-4))?
34
Suppose -2*o - 2*q - 34 = -6*o, 12 = 2*o - 2*q. Let i = o + 83. Calculate the remainder when i is divided by 50.
44
Suppose 10*c = 14*c + 396. Let q = c + 217. What is the remainder when q is divided by ((-11)/(-33))/((-2)/(-102))?
16
Let k = -4 + 36. Suppose 1041 = -5*p + 1216. What is the remainder when p is divided by k?
3
Let w = 23917 - 23870. What is the remainder when 87 is divided by w?
40
Let c = -249 - -255. Suppose 0*y - 498 = -c*y. What is the remainder when y is divided by 17?
15
Suppose 159 = 5*d + 4*s, -5*d + 124*s - 121*s = -117. Calculate the remainder when 562 is divided by d.
22
Let a = 109 - 102. Suppose 4*j - 308 = -a*j. Calculate the remainder when 55 is divided by j.
27
Suppose 11*l - 6043 = -4184. What is the remainder when l is divided by ((-3)/9)/((-5)/645)?
40
Let t(f) = -44*f + 83. Let o be t(3). Let k(c) = c + 18. What is the remainder when 14/o + 1865/35 is divided by k(0)?
17
Suppose a - 5*m = 74 + 48, -5*m = 3*a - 406. Suppose -j + 2*u + a = 0, j + u = -2*j + 410. Let d = 11 + j. Calculate the remainder when d is divided by 30.
27
Let o = -16 - -29. Suppose 3*w - 15 = 0, -15*w + 11*w = 3*b - 926. Suppose 208 = 5*c - b. Calculate the remainder when c is divided by o.
11
Let b(y) = -y. Let k be b(-3). Suppose k*u - 3 - 45 = 3*h, 4*u - 5*h = 65. Suppose -a = -u - 9. Calculate the remainder when 95 is divided by a.
23
What is the remainder when (-2)/(-22) - (-428060)/1870 is divided by 31?
12
Let k(c) = c**3 + 2*c**2 - 4*c - 56. Let p be k(0). Calculate the remainder when (49/p + 8)*8 is divided by 23.
11
Let k(a) = -52*a**3 - 3*a**2. Let q be k(-2). Suppose -o - 160 - 55 = 4*j, -5*j = -2*o - q. Let i = o + 299. What is the remainder when i is divided by 48?
44
Let i(p) = 0*p - 99 - 3*p + 153 + 5*p + 2*p**2. Let c be 0/((-1)/1*1). Calculate the remainder when i(c) is divided by 14.
12
Suppose -s + 33 = -4*l, -8*s - 60 = -10*s + 2*l. Calculate the remainder when 227 is divided by s.
24
Let j(b) = -47*b - 10. What is the remainder when (-6132)/(-36) + ((-32)/12)/8 is divided by j(-1)?
22
What is the remainder when 7/(((-162)/19620)/(-9)) is divided by 22?
18
Suppose r = -3*t + 53, -r + 2*t = -21 - 12. Calculate the remainder when -467*56/(-130760) + (-5533)/(-35) + 2/(-7) is divided by r.
35
Let w(h) = 14*h**2 + h + 7. Let p(s) = 14*s**2 + 2*s + 6. Let i(c) = 3*p(c) - 2*w(c). What is the remainder when i(-3) is divided by -1*40*1*(-3)/6?
18
What is the remainder when 3*69 + 13/(169/39) is divided by 60?
30
Suppose -t - w + 220 = 0, -2*w = -5*t + 549 + 537. Let f = t - 208. What is the remainder when 28 is divided by f?
8
Suppose 148*t - 300*t - 2112 = -160*t. What is the remainder when 543 is divided by t?
15
Let s = 112 + -108. Let i(w) = 10*w**2